{"id":3126,"date":"2024-02-06T13:47:25","date_gmt":"2024-02-06T12:47:25","guid":{"rendered":"https:\/\/asso-prisme.com\/?post_type=tribe_events&#038;p=3126"},"modified":"2024-02-06T15:06:43","modified_gmt":"2024-02-06T14:06:43","slug":"latelier-partage-velo","status":"publish","type":"tribe_events","link":"https:\/\/asso-prisme.com\/index.php\/agenda\/latelier-partage-velo\/","title":{"rendered":"L&rsquo;Atelier Partag\u00e9 V\u00e9lo"},"content":{"rendered":"<p>\ud83d\udeb4\u200d\u2640\ufe0f \ud83d\udee0 R\u00e9parer, bricoler, d\u00e9monter, r\u00e9cup\u00e9rer&#8230; et tout \u00e7a dans la bonne humeur !<\/p>\n<p>\ud83d\udc49 Tous les 1ers et 3\u00e8mes dimanches du mois, de 14h \u00e0 17h, venez r\u00e9parer ou entretenir votre v\u00e9lo, nous aider \u00e0 d\u00e9monter et r\u00e9cup\u00e9rer des pi\u00e8ces, vous faire conseiller&#8230; \ud83e\udd29 Atelier partag\u00e9, gratuit, ouvert \u00e0 tou.te.s !<\/p>\n<p>\ud83d\udc49 Gilles (et bient\u00f4t d&rsquo;autres experts) vous accompagne et vous conseille dans ce moment de partage et d&rsquo;apprentissage pour repartir avec un v\u00e9lo \u00ab\u00a0presque\u00a0\u00bb comme neuf \ud83d\ude09<\/p>\n<p>\ud83d\udc49 L&rsquo;association r\u00e9cup\u00e8re r\u00e9guli\u00e8rement de vieux v\u00e9los qui ne sont pas r\u00e9parables mais dont certaines pi\u00e8ces d\u00e9tach\u00e9es sont r\u00e9cup\u00e9rables et serviront pour l&rsquo;atelier d&rsquo;auto-r\u00e9paration ou Upcycling ! \ud83d\udc49 C\u2019est LE moment o\u00f9 chacun peut se faire aider ou apporter sa contribution au collectif : on apprends \u00e0 r\u00e9parer et entretenir son v\u00e9lo, on d\u00e9monte, on trie, on range, on rigole&#8230; On apprends tout en passant un bon moment !<\/p>\n<p>\ud83e\udd29 Pour qui ? Tout le monde !<\/p>\n<p>\ud83d\udcc6 Tous les 1ers et 3\u00e8mes Dimanches du mois<\/p>\n<p>\ud83d\udcec O\u00f9 ? A l&rsquo;atelier de La Maison des Acacias, 17 Rue des Acacias \u00e0 Audenge<\/p>\n<p>\u260e\ufe0f Contact et Information : Julie au 06 70 82 33 89<\/p>\n<p>\ud83d\udc49 Atelier GRATUIT mais il faut adh\u00e9rer \u00e0 l&rsquo;association &gt; Tarif libre entre 0 et 30 Euros<\/p>\n<p>\ud83d\udce3 Vous \u00eates passionn\u00e9.e et avez de bonnes notions de r\u00e9paration de v\u00e9lo, vous avez envie de rencontrer et de partager cette passion avec d&rsquo;autres ?&#8230; Rejoignez-nous ! Gilles a besoin d&rsquo;autres mains expertes !<\/p>\n","protected":false},"excerpt":{"rendered":"<p> Tous les 1ers et 3\u00e8mes dimanches du mois, de 14h \u00e0 17h, venez r\u00e9parer ou entretenir votre v\u00e9lo, nous aider \u00e0 d\u00e9monter et r\u00e9cup\u00e9rer des pi\u00e8ces, vous faire conseiller&#8230;  Atelier partag\u00e9, gratuit, ouvert \u00e0 tou.te.s !<\/p>\n<p> Gilles (et bient\u00f4t d&rsquo;autres experts) vous accompagne et vous conseille dans ce moment de partage et d&rsquo;apprentissage pour repartir avec un v\u00e9lo \u00ab\u00a0presque\u00a0\u00bb comme neuf <\/p>\n","protected":false},"author":1,"featured_media":2475,"template":"","meta":{"_EventAllDay":false,"_EventTimezone":"Europe\/Paris","_EventStartDate":"2024-03-03 14:00:00","_EventEndDate":"2024-03-03 17:00:00","_EventStartDateUTC":"2024-03-03 13:00:00","_EventEndDateUTC":"2024-03-03 16:00:00","_EventShowMap":true,"_EventShowMapLink":true,"_EventURL":"","_EventCost":"","_EventCostDescription":"","_EventCurrencySymbol":"","_EventCurrencyCode":"","_EventCurrencyPosition":"prefix","_EventDateTimeSeparator":"","_EventTimeRangeSeparator":"","_EventOrganizerID":[2123],"_EventVenueID":[2122],"_OrganizerEmail":"","_OrganizerPhone":"","_OrganizerWebsite":"","_VenueAddress":"","_VenueCity":"","_VenueCountry":"","_VenueProvince":"","_VenueState":"","_VenueZip":"","_VenuePhone":"","_VenueURL":"","_VenueStateProvince":"","_VenueLat":"","_VenueLng":"","_VenueShowMap":false,"_VenueShowMapLink":false,"_tribe_events_status":"","_tribe_events_status_reason":"","footnotes":""},"tags":[18],"tribe_events_cat":[16],"class_list":["post-3126","tribe_events","type-tribe_events","status-publish","has-post-thumbnail","hentry","tag-velo","tribe_events_cat-velo","cat_velo"],"_links":{"self":[{"href":"https:\/\/asso-prisme.com\/index.php\/wp-json\/wp\/v2\/tribe_events\/3126","targetHints":{"allow":["GET"]}}],"collection":[{"href":"https:\/\/asso-prisme.com\/index.php\/wp-json\/wp\/v2\/tribe_events"}],"about":[{"href":"https:\/\/asso-prisme.com\/index.php\/wp-json\/wp\/v2\/types\/tribe_events"}],"author":[{"embeddable":true,"href":"https:\/\/asso-prisme.com\/index.php\/wp-json\/wp\/v2\/users\/1"}],"version-history":[{"count":0,"href":"https:\/\/asso-prisme.com\/index.php\/wp-json\/wp\/v2\/tribe_events\/3126\/revisions"}],"wp:featuredmedia":[{"embeddable":true,"href":"https:\/\/asso-prisme.com\/index.php\/wp-json\/wp\/v2\/media\/2475"}],"wp:attachment":[{"href":"https:\/\/asso-prisme.com\/index.php\/wp-json\/wp\/v2\/media?parent=3126"}],"wp:term":[{"taxonomy":"post_tag","embeddable":true,"href":"https:\/\/asso-prisme.com\/index.php\/wp-json\/wp\/v2\/tags?post=3126"},{"taxonomy":"tribe_events_cat","embeddable":true,"href":"https:\/\/asso-prisme.com\/index.php\/wp-json\/wp\/v2\/tribe_events_cat?post=3126"}],"curies":[{"name":"wp","href":"https:\/\/api.w.org\/{rel}","templated":true}]}}

L&rsquo;Atelier Partagé Vélo

<p>🚴‍♀️ 🛠 Réparer, bricoler, démonter, récupérer&#8230; et tout ça dans la bonne humeur !</p>
<p>👉 Tous les 1ers et 3èmes dimanches du mois, de 14h à 17h, venez réparer ou entretenir votre vélo, nous aider à démonter et récupérer des pièces, vous faire conseiller&#8230; 🤩 Atelier partagé, gratuit, ouvert à tou.te.s !</p>
<p>👉 Gilles (et bientôt d&rsquo;autres experts) vous accompagne et vous conseille dans ce moment de partage et d&rsquo;apprentissage pour repartir avec un vélo « presque » comme neuf 😉</p>
<p>👉 L&rsquo;association récupère régulièrement de vieux vélos qui ne sont pas réparables mais dont certaines pièces détachées sont récupérables et serviront pour l&rsquo;atelier d&rsquo;auto-réparation ou Upcycling ! 👉 C’est LE moment où chacun peut se faire aider ou apporter sa contribution au collectif : on apprends à réparer et entretenir son vélo, on démonte, on trie, on range, on rigole&#8230; On apprends tout en passant un bon moment !</p>
<p>🤩 Pour qui ? Tout le monde !</p>
<p>📆 Tous les 1ers et 3èmes Dimanches du mois</p>
<p>📬 Où ? A l&rsquo;atelier de La Maison des Acacias, 17 Rue des Acacias à Audenge</p>
<p>☎️ Contact et Information : Julie au 06 70 82 33 89</p>
<p>👉 Atelier GRATUIT mais il faut adhérer à l&rsquo;association &gt; Tarif libre entre 0 et 30 Euros</p>
<p>📣 Vous êtes passionné.e et avez de bonnes notions de réparation de vélo, vous avez envie de rencontrer et de partager cette passion avec d&rsquo;autres ?&#8230; Rejoignez-nous ! Gilles a besoin d&rsquo;autres mains expertes !</p>

<p> Tous les 1ers et 3èmes dimanches du mois, de 14h à 17h, venez réparer ou entretenir votre vélo, nous aider à démonter et récupérer des pièces, vous faire conseiller&#8230;  Atelier partagé, gratuit, ouvert à tou.te.s !</p>
<p> Gilles (et bientôt d&rsquo;autres experts) vous accompagne et vous conseille dans ce moment de partage et d&rsquo;apprentissage pour repartir avec un vélo « presque » comme neuf </p>
